(base 8) to base 3
1001102010
What is -17437763 (base 8) in base 10?
-4079603
-11215780 (base 9) to base 12
-19a6109
What is -2021021101 (base 3) in base 14?
-123c8
Convert 4166a7 (base 11) to base 6.
22151030
-2b3560 (base 12) to base 2
-10110010101001011000
Convert -20178 (base 13) to base 2.
-1110000000101110
Convert 35244422 (base 6) to base 7.
12206654
341341 (base 7) to base 13
21733
Convert -34347 (base 8) to base 3.
-201222112
Convert -2583321 (base 9) to base 16.
-158fc8
Convert -262b21 (base 12) to base 13.
-18c5bc
What is 1a8714 (base 11) in base 14?
84359
2052402 (base 6) to base 2
11000100000010010
-730 (base 12) to base 6
-4500
Convert 122220000212102 (base 3) to base 14.
1396ba9
What is 55649 (base 10) in base 6?
1105345
326a0 (base 14) to base 7
1015560
9b2239 (base 12) to base 8
11332715
1122104211 (base 5) to base 12
a22b83
Convert a654ab (base 16) to base 7.
161440216
What is -14555 (base 14) in base 7?
-300035
What is 1980a2 (base 12) in base 11?
287708
15096a (base 16) to base 4
11100211222
3ac4a (base 14) to base 5
14120411
Convert 101000011001111011001 (base 2) to base 9.
2437153
What is -153763 (base 9) in base 12?
-46949
What is -1595173 (base 11) in base 16?
-296f31
Convert 10465405 (base 8) to base 14.
42a03b
-50773b (base 12) to base 13
-350393
1b6f49 (base 16) to base 13
4ac4a9
332312400 (base 5) to base 13
3b9021
100100100110111111010 (base 2) to base 14
233266
1540037 (base 8) to base 12
194027
What is 302221210 (base 4) in base 7?
1522561
3001110102 (base 4) to base 15
109936
1210004343 (base 5) to base 7
32624311
What is 1939940 (base 10) in base 2?
111011001100111100100
What is -364610 (base 8) in base 14?
-33956
What is 7724186 (base 10) in base 7?
122440331
-121121111211112 (base 3) to base 12
-2b58a05
Convert -16e681 (base 16) to base 2.
-101101110011010000001
31310230211 (base 4) to base 12
1269085
What is -81d98 (base 15) in base 11?
-26113a
What is -15412067 (base 9) in base 2?
-11101010100000101100010
Convert 11232002043 (base 5) to base 7.
213336235
Convert -1623258 (base 9) to base 6.
-31152255
1100101010111100110 (base 2) to base 4
1211113212
773183 (base 10) to base 12
31353b
1788258 (base 10) to base 8
6644542
What is 20012022001 (base 3) in base 7?
1015366
What is -252230 (base 8) in base 12?
-42560
What is -1367328 (base 10) in base 3?
-2120110121210
Convert 1011112130 (base 4) to base 16.
4559c
Convert 13321122222 (base 4) to base 2.
111111001011010101010
Convert -af68a (base 16) to base 11.
-450889
Convert 2796493 (base 11) to base 3.
100001102012112
Convert 1335265 (base 8) to base 3.
201002001120
What is 6915dc (base 15) in base 10?
5016582
2301221302 (base 5) to base 9
10534780
-3033441 (base 6) to base 16
-23521
What is -10bcc8 (base 13) in base 3?
-202012110212
483070 (base 9) to base 10
290934
101100010001000100 (base 2) to base 3
100012201102
112210220220 (base 3) to base 9
483826
What is -1354612 (base 11) in base 8?
-10716436
22210005 (base 7) to base 10
1918404
What is 1031766 (base 9) in base 15?
ada70
-10000111001011101110110 (base 2) to base 11
-25560a8
What is 1b20557 (base 12) in base 7?
100001506
What is -6767a0 (base 14) in base 16?
-359de8
-2300404423 (base 5) to base 2
-10011011010111110100110
What is 256371 (base 9) in base 14?
409b2
What is -11331222 (base 4) in base 16?
-5f6a
What is 314460 (base 11) in base 12?
203584
What is 301023300123 (base 4) in base 9?
26231140
Convert -1333233441 (base 5) to base 9.
-6374281
14a492 (base 11) to base 9
385275
30101054 (base 6) to base 15
11b324
Convert 20312143 (base 5) to base 3.
22110110110
What is 10220101111 (base 3) in base 11?
527a4
Convert 685756 (base 11) to base 16.
10a5b5
What is 16aa010 (base 11) in base 10?
2897598
What is -480334 (base 10) in base 4?
-1311101032
Convert -838387 (base 13) to base 7.
-35062513
-23613045 (base 7) to base 8
-10016022
What is -4706237 (base 10) in base 8?
-21747675
Convert 5660154 (base 8) to base 16.
17606c
Convert -14301502 (base 6) to base 15.
-9a40b
What is -5a41e (base 16) in base 3?
-200210010101
4605336 (base 7) to base 8
2137617
-8365 (base 9) to base 14
-2342
Convert 4c2d5 (base 16) to base 7.
2436453
What is -c95ae (base 16) in base 9?
-1486308
Convert 349516 (base 10) to base 12.
14a324
7b7a0 (base 16) to base 10
505760
What is -1974592 (base 10) in base 13?
-5419c9
What is -1047025 (base 8) in base 2?
-1000100111000010101
What is -2739022 (base 11) in base 16?
-481e85
Convert -121230122 (base 4) to base 13.
-38b97
-39a8a (base 14) to base 10
-142026
Convert 10111111001100000100 (base 2) to base 12.
319230
Convert -110010000010010100010 (base 2) to base 10.
-1639586
-18d773 (base 16) to base 14
-305431
130132332 (base 4) to base 5
12213140
Convert 402800 (base 10) to base 3.
202110112112
What is 2428056 (base 11) in base 9?
7852708
What is -14d9c (base 14) in base 2?
-1100101101101110
-3320202 (base 5) to base 7
-326535
Convert 10343242013 (base 5) to base 14.
1704311
Convert -14523616 (base 7) to base 6.
-45400504
-203011112 (base 4) to base 8
-430526
50401425 (base 6) to base 9
2621158
Convert 1018212 (base 9) to base 12.
22299b
What is -b376f (base 16) in base 13?
-1c9782
Convert -20001222202 (base 3) to base 7.
-1005353
114335511 (base 6) to base 10
2174659
Convert 125854 (base 10) to base 2.
11110101110011110
65383d (base 14) to base 5
1334211004
-2103014242 (base 5) to base 8
-20446163
Convert 472081 (base 10) to base 5.
110101311
Convert 9543b1 (base 14) to base 10.
5044215
3525353 (base 6) to base 2
101100100110000101
What is -598bb5 (base 12) in base 9?
-2643882
311021010 (base 5) to base 14
24da45
Convert 13101354 (base 6) to base 7.
3431632
-157a308 (base 11) to base 10
-2692984
What is -2596718 (base 10) in base 16?
-279f6e
Convert 22527 (base 14) to base 9.
136274
Convert 102958 (base 11) to base 14.
44121
Convert 1103255 (base 7) to base 8.
410707
What is 312444131 (base 5) in base 14?
25a83d
Convert -384c5 (base 14) to base 10.
-138157
Convert 103110003 (base 4) to base 8.
232403
What is -101101000001011100 (base 2) in base 4?
-231001130
-10021012220010 (base 3) to base 15
-244750
Convert -666540 (base 8) to base 10.
-224608
What is 658099 (base 11) in base 4?
10000122123
13891d (base 14) to base 6
22301223
-a7fab (base 16) to base 3
-1021221211002
Convert -27171 (base 9) to base 13.
-8491
-6316524 (base 7) to base 9
-1378846
Convert 2139160 (base 13) to base 4.
212221102312
-23467a (base 13) to base 2
-11001100101000011100
Convert -20032303000 (base 4) to base 10.
-2157760
What is -72569 (base 13) in base 12?
-9a945
-1001001101001000110 (base 2) to base 3
-120022202210
What is -4454621 (base 7) in base 10?
-551510
What is 100001010010101100 (base 2) in base 16?
214ac
Convert -113141210 (base 5) to base 15.
-a4770
-251112414 (base 6) to base 12
-174270a
What is 4179a75 (base 11) in base 9?
14762180
What is 402030522 (base 6) in base 4?
122000001302
Convert 111220221122100 (base 3) to base 6.
422334230
-19b10c (base 15) to base 7
-13434126
What is -1213124302 (base 6) in base 4?
-310321302032
What is 13112540 (base 6) in base 12?
188750
Convert 214d5d7 (base 14) to base 11.
8a03343
What is -46044 (base 7) in base 8?
-26656
What is b60a7 (base 12) in base 6?
5040331
Convert 31641136 (base 9) to base 5.
12401333404
303550124 (base 6) to base 14
99dc32
What is -31203220323 (base 4) in base 13?
-975792
What is -122925 (base 10) in base 2?
-11110000000101101
Convert 10102210222000 (base 3) to base 5.
431424342
What is -211676 (base 8) in base 7?
-412542
What is 2126352 (base 7) in base 9?
434433
a0041 (base 11) to base 12
70907
126bbd (base 14) to base 5
130232233
3340c2 (base 15) to base 9
4534082
What is -30142440 (base 5) in base 3?
-110012201121
Convert -5da0 (base 14) to base 3.
-211111201
Convert 2091d5 (base 15) to base 13.
4233c2
What is 1003312221 (base 4) in base 15?
57539
192519 (base 10) to base 2
101111000000000111
Convert 238827 (base 11) to base 7.
3132036
Convert 829267 (base 11) to base 14.
26898c
Convert -1213020021 (base 4) to base 8.
-1471011
Convert -21033303 (base 4) to base 5.
-2203000
Convert -4767006 (base 9) to base 2.
-1001110110110000011110
-527049 (base 10) to base 13
-155b83
What is -79c04b (base 14) in base 8?
-17634623
403010540 (base 